t are the prime factors of v?
1511
Let f(n) = 5*n - 2. Let o be f(2). Let t = o + -4. Suppose t*a + 12 = 124. List the prime factors of a.
2, 7
Let a = 44 - 41. Suppose -3*j - d + 407 = 0, -2*j + 228 + 47 = -a*d. List the prime factors of j.
2, 17
Let v = -160 + 250. List the prime factors of v.
2, 3, 5
Let k(w) = -35*w - 3. Let y be k(-6). Let s = -814 - -816. Suppose j = 5*q + 47, -s*j + y = 3*j + 3*q. List the prime factors of j.
2, 3, 7
Suppose 8*v - 3*v = -135. Let s = -5 - v. Suppose 21 = j - s. What are the prime factors of j?
43
Let y(z) = -2*z**2 + 71*z - 103. What are the prime factors of y(28)?
317
Suppose -3*n - 15092 = -4*t, -15*t + 3*n - 18838 = -20*t. What are the prime factors of t?
2, 5, 13, 29
Suppose 14*i - 13*i + 75 = 0. Let a = i + 164. Let f = -37 + a. What are the prime factors of f?
2, 13
Let c(j) = 34*j**2 - 4*j - 14. What are the prime factors of c(8)?
2, 3, 5, 71
Suppose 12*q = -0*q + 144. List the prime factors of q.
2, 3
Let d(q) = -333*q - 78. List the prime factors of d(-3).
3, 307
Let d(z) = -z**3 + 4*z**2 + 5*z + 5. Let j be d(5). Suppose 2*f + 8 = -j*r - 3, 3*f = -3*r - 12. List the prime factors of -1 + ((-6)/r)/1.
5
Suppose -2*c = 3*w + 2, 2*c + 4*w - 2*w = -2. What are the prime factors of (-2 + c)*(5 - 10)?
3, 5
Let a be -2 + (2 - (1 - 4)). Suppose 3*x - 132 = -a. Let n = 76 - x. List the prime factors of n.
3, 11
Let w be ((-63)/(-28))/(-2 - (-14)/8). Let i(b) = -7*b + 5. List the prime factors of i(w).
2, 17
Suppose 0 = 3*p + 7 - 16. Suppose 0 = -2*w + p*w - 123. List the prime factors of w.
3, 41
What are the prime factors of 2/(-10) + (-3626)/(-5) + -4?
7, 103
Let x(n) = 3*n + 3. Let g be x(3). Let k(i) = 11*i - 14. What are the prime factors of k(g)?
2, 59
Let m be 1/3*(-2 - -8). Suppose m*u + 23 = 13. Let w = 10 + u. What are the prime factors of w?
5
Suppose -3*c = z + 9, -2*z - 11 = c + 2. Let f(k) = -16*k - 47. What are the prime factors of f(z)?
7
Let j be 36/((-2)/((-12)/9)). Let k = -19 + j. Suppose p - 89 = -4*w, 3*w + k*p = 4*w - 17. List the prime factors of w.
2, 11
Suppose 0 = -5*i + 2*u + 672 + 576, -4*u + 1004 = 4*i. Suppose -4*s + 106 = -i. What are the prime factors of s?
89
Let w = -9 - -19. Let z = 12 - w. Suppose 0 = 3*h - 2*k - 91, z*h = -k + 38 + 32. List the prime factors of h.
3, 11
Suppose 2*u = 5*q - 3*u - 3545, 5*u + 1409 = 2*q. List the prime factors of q.
2, 89
Let u(q) = 6*q**2 + 18*q - 20. What are the prime factors of u(-19)?
2, 11, 41
Let u(v) = 19*v**2 - 2*v + 11. Let g be u(3). Let a = g + -90. List the prime factors of a.
2, 43
Let k(l) = -l**2 - 4*l - 8. Suppose 0 = -5*d - 0*d - 30. Let q be k(d). Let o = 38 + q. List the prime factors of o.
2, 3
Let v(i) = 16*i. Let j be v(1). Suppose 0 = q + a - 11, a + 11 - 1 = 2*q. Suppose 0 = -q*y + 8*y - j. What are the prime factors of y?
2
Let g be (-4 + 8)*5/2. Let p(y) = -3 - 3 + 5*y - 3*y. What are the prime factors of p(g)?
2, 7
Let a = -254 + 375. List the prime factors of a.
11
Let b(i) = -22*i - 23. List the prime factors of b(-6).
109
Suppose -2*m + 5*m - 5436 = 0. Let p be 4/8*m/3. Suppose -13 = -5*l + p. List the prime factors of l.
3, 7
Suppose 4 + 4 = 2*z. Let u(m) = m**2 - 2*m - 2. What are the prime factors of u(z)?
2, 3
Let v(z) = z**3 + 68*z**2 - 332*z + 67. What are the prime factors of v(-72)?
5, 647
Suppose -3*v + 3*k = -2*v - 6, 4*k - 4 = 0. Let y be v/(-5) + 13/(-65). What are the prime factors of (-2110)/(-40) - y/8?
53
Suppose 6 = 2*f - 2. Suppose -4*z + f*t - 8 = 0, 3*t - t = -4*z + 16. What are the prime factors of 7/(z*1/6)?
3, 7
Let g = 597 - 1362. List the prime factors of (-1)/((-501)/g + (-2)/3).
5, 17
Let g be 3 + (-1 - 4/(-2)). Suppose 0*n + g*a = 3*n - 101, -n = 2*a - 37. Suppose 3*q = 4*q - n. List the prime factors of q.
5, 7
Let c(s) = 22*s + 179. List the prime factors of c(29).
19, 43
Suppose 0 = -6*h + 3*h + 1638. Suppose h = 8*v - v. What are the prime factors of v?
2, 3, 13
Let o be 14*(18/(-4) + (6 - 3)). Let s = o - -57. What are the prime factors of s?
2, 3
Let g(s) = -2*s + 1 + 3*s - 2*s. Let i(v) = -16*v - 6. Let n(o) = 2*g(o) - i(o). What are the prime factors of n(4)?
2
What are the prime factors of 2 + (-84)/39 + 48918/78?
3, 11, 19
Let r(g) = -g**2 - 12*g. Suppose 6 = -2*a - 4*o, a = 5*a - 3*o + 23. List the prime factors of r(a).
5, 7
Suppose -17*g + 9540 = -15*g. List the prime factors of g.
2, 3, 5, 53
Let w(z) = 4*z**2 + 2*z. Suppose -22 = -5*q - g + 4*g, 4*q - 5*g = 28. List the prime factors of w(q).
2, 5
Suppose 9*x = 11*x - 4*o - 4206, -5*x + 10530 = -5*o. What are the prime factors of x?
3, 19, 37
Suppose -3*q + 3 + 3 = 3*l, 4*l + 3*q - 4 = 0. Let b be 10*((-7)/l - 3). Suppose a = u - b, 0 = -7*u + 3*u + a + 32. What are the prime factors of u?
3
Suppose 0*z = -2*z. Suppose c + 2*h - 36 = z, -2*c + 2*h = h - 97. Let k = -10 + c. List the prime factors of k.
2, 3
Suppose a - w = -0*a, 3*a = w. Suppose a*r + 238 = 5*r + 2*u, 5*r - 218 = 3*u. List the prime factors of r.
2, 23
Let m(w) = 7*w**3 - 2*w**2 + 1. Let u be m(1). What are the prime factors of 42 - (3 + u/(-1))?
3, 5
Suppose 4*p = -b + 39 - 12, 0 = p + 5*b + 17. Let l be p/(-36) + (-16)/9. List the prime factors of 1/l - (-63)/2.
31
Let h = -12 + 12. Suppose h*q + 74 = q. Let o = q + -49. List the prime factors of o.
5
Let s be (-22)/(-8) - 19/(-76). Suppose -5*n + 2 = s*m - 5, 3*n - 1 = -5*m. What are the prime factors of 75/6 - n/4?
2, 3
Suppose 0 = -7*p - 35, -5*s + 8*s + 3*p - 2346 = 0. What are the prime factors of s?
787
List the prime factors of (6 + 14949)/15 + (-4)/(-2).
3, 37
Let l be (13/4 - (-10)/(-40)) + 2. Suppose -2 = 3*p - l, 0 = 5*k + 5*p - 260. What are the prime factors of k?
3, 17
Let n(f) = 0*f**2 + 2*f**3 - f**2 - f**3 + 1 - 3*f + 5*f. Let u be n(2). List the prime factors of 223/u - 2/(-9).
5
Let x(i) = i**3 + i**2 - i - 76. Let c be x(0). Let m be c/(-10) - (-6)/15. Suppose -u + m = -0*u. What are the prime factors of u?
2
Suppose -3*j + 78 = n, -4*j + 9*n - 4*n + 85 = 0. Suppose -r - q + j = -0*r, -79 = -3*r + q. What are the prime factors of r?
2, 13
Suppose 4*r - 7*r = -984. List the prime factors of r.
2, 41
Let w(t) = t**3 + 9*t**2 - 4*t - 24. Let q be w(-9). Suppose 0*m + 1404 = q*m. What are the prime factors of m?
3, 13
What are the prime factors of (-1)/(-2)*1*386?
193
Let j(n) = n. Let d(b) = 39*b + 21. Let q(s) = -d(s) + 3*j(s). List the prime factors of q(-4).
3, 41
Let c(s) = -s. Let q be c(6). Let t = q + 9. Let l = 3 + t. List the prime factors of l.
2, 3
Let r = -240 - -866. List the prime factors of r.
2, 313
Let l(k) = -63*k - 479. What are the prime factors of l(-9)?
2, 11
Suppose 2*d - 83 + 305 = 0. Let o = d + 40. Let n = -34 - o. What are the prime factors of n?
37
Suppose 5*u + 15 = 3*k, -k - u + 3 = -2. Suppose -8*i + 3*i = -25. Suppose k*s - 5 = -2*v + 39, 2 = -s + i*v. What are the prime factors of s?
2
Let o(c) = -c**2 + 6*c + 3. Let j(h) = -h**3 + 5*h**2 + 7*h. Let y be j(6). Let l be o(y). Suppose l*a + 16 = 70. What are the prime factors of a?
2, 3
Let j = 16 + -28. List the prime factors of j/(1*(-4)/4).
2, 3
Let h(a) = 8*a - 11. Let c(y) = 15*y - 21. Let m(d) = 6*c(d) - 11*h(d). Suppose -2*u + 7 = -u. What are the prime factors of m(u)?
3
Suppose -2*v - 4*b - 662 = 0, 2*b = 3*b + 3. Let i = v - -455. List the prime factors of i.
2, 5, 13
What are the prime factors of 10/(-250)*-10*3035?
2, 607
Let v be (-4)/(0 - -4) + 13. Suppose 60 = -8*r + v*r. List the prime factors of r.
3, 5
Let x = -78 - -140. Let c = x + 4. What are the prime factors of c?
2, 3, 11
Suppose 5*b + 138 = -0*n + 2*n, b = 2. Let k = n + -119. Let h = -13 - k. List the prime factors of h.
2
Let w(y) = 2*y**3 - 13*y**2 + 22*y - 340. What are the prime factors of w(14)?
2, 727
Let x(s) = -10 - 34 + 3 + 13*s. List the prime factors of x(23).
2, 3, 43
Suppose 3*a - 4*s = 3723 + 1787, 4*s = -3*a + 5542. What are the prime factors of a?
2, 3, 307
Let u(a) = a + 6. Let s be u(0). Suppose -4*t + s = -2*t. Suppose -2*r = 2*j - 6, 5*j - t*r = -r + 50. List the prime factors of j.
2
Suppose 0 = -3*t - 5*p + 642, 0 = p - 5 + 2. List the prime factors of t.
11, 19
Let a = 1012 + -681. Let g = -182 + a. What are the prime factors of g?
149
Suppose 7*b = a + 12*b - 924, 4*b = 2*a - 1848. What are t